{"id":265,"date":"2018-03-14T17:02:00","date_gmt":"2018-03-14T17:02:00","guid":{"rendered":"http:\/\/www.onalza.com\/?page_id=265"},"modified":"2018-06-11T15:20:54","modified_gmt":"2018-06-11T15:20:54","slug":"testimoniales-metodo-schindler","status":"publish","type":"page","link":"https:\/\/www.onalza.com\/index.php\/testimoniales-metodo-schindler\/","title":{"rendered":"Testimoniales M\u00e9todo Schindler"},"content":{"rendered":"<p><img loading=\"lazy\" decoding=\"async\" class=\"alignleft wp-image-284 size-thumbnail\" src=\"http:\/\/www.onalza.com\/wp-content\/uploads\/2018\/03\/Maria-Jesus-Almendros-2-150x150.jpg\" alt=\"\" width=\"150\" height=\"150\" srcset=\"https:\/\/www.onalza.com\/wp-content\/uploads\/2018\/03\/Maria-Jesus-Almendros-2-150x150.jpg 150w, https:\/\/www.onalza.com\/wp-content\/uploads\/2018\/03\/Maria-Jesus-Almendros-2-300x300.jpg 300w, https:\/\/www.onalza.com\/wp-content\/uploads\/2018\/03\/Maria-Jesus-Almendros-2-100x100.jpg 100w\" sizes=\"auto, (max-width: 150px) 100vw, 150px\" \/>Luis eres un privilegiado por tener un trabajo que te gusta y reconforta tanto. Tienes el \u00e9xito asegurado. Gracias por lo mucho que nos has ayudado a Francis, a mi y a todos los que estuvimos en el Programa de Coaching METODO SCHINDLER. Y sobre todo a los que est\u00e1n por venir en todos los \u00e1mbitos a los que te dedicas. Gracias a ti y a Cristina por vuestra dedicaci\u00f3n y buen hacer.<\/p>\n<p><strong>Mar\u00eda Jes\u00fas Almendros. \u00a0 \u00a0 \u00a0 Agente Inmobiliario<\/strong><\/p>\n<p>&nbsp;<\/p>\n<p><img loading=\"lazy\" decoding=\"async\" class=\"alignleft wp-image-286 size-thumbnail\" src=\"http:\/\/www.onalza.com\/wp-content\/uploads\/2018\/03\/Juan-sanchez-150x150.jpg\" alt=\"\" width=\"150\" height=\"150\" srcset=\"https:\/\/www.onalza.com\/wp-content\/uploads\/2018\/03\/Juan-sanchez-150x150.jpg 150w, https:\/\/www.onalza.com\/wp-content\/uploads\/2018\/03\/Juan-sanchez-300x300.jpg 300w, https:\/\/www.onalza.com\/wp-content\/uploads\/2018\/03\/Juan-sanchez-100x100.jpg 100w\" sizes=\"auto, (max-width: 150px) 100vw, 150px\" \/>Quisiera felicitar a Luis Mendoza por su excelente labor en tratar y conseguir hacer Feliz a muchas personas y por facilitar y apoyar a otras muchas en conseguir sus retos y sue\u00f1os. Muchas gracias. P.D: Dia 2 sin fumar<\/p>\n<p><strong>Juan S\u00e1nchez Ar\u00e9valo. \u00a0\u00a0 Bi\u00f3logo<\/strong><\/p>\n<p>&nbsp;<\/p>\n<p>&nbsp;<\/p>\n<p><img loading=\"lazy\" decoding=\"async\" class=\"alignleft wp-image-295 size-thumbnail\" src=\"http:\/\/www.onalza.com\/wp-content\/uploads\/2018\/03\/eduardo-150x150.jpg\" alt=\"\" width=\"150\" height=\"150\" srcset=\"https:\/\/www.onalza.com\/wp-content\/uploads\/2018\/03\/eduardo-150x150.jpg 150w, https:\/\/www.onalza.com\/wp-content\/uploads\/2018\/03\/eduardo-100x100.jpg 100w\" sizes=\"auto, (max-width: 150px) 100vw, 150px\" \/>Una experiencia maravillosa. Para mi ha sido un gran refuerzo ya que casi he conseguido no fumar pero por obligaci\u00f3n, pero con el METODO SCHINDLER ha sido diferente. Ahora si lo tengo claro. Mil gracias.<\/p>\n<p><strong>Eduardo P\u00e9rez Pe\u00f1a. \u00a0\u00a0 Jefe de Ventas<\/strong><\/p>\n<p>&nbsp;<\/p>\n<p><strong><span style=\"text-decoration: line-through;\">280\u00a0 <\/span><\/strong><div class='wpecpp-container wpecpp-align-left'><form class='wpecpp-form' target='_blank' id=rc48b3f3a26264ec6f08ae6c0f20cb74b action='https:\/\/www.paypal.com\/cgi-bin\/webscr' method='post'><input type='hidden' name='cmd' value='_xclick' \/><input type='hidden' name='business' value='luis.mendoza@onalza.com' \/><input type='hidden' name='currency_code' value='EUR' \/><input type='hidden' name='lc' value='es_ES'><input type='hidden' name='no_note' value=''><input type='hidden' name='paymentaction' value='sale'><input type='hidden' name='return' value='https:\/\/www.onalza.com\/index.php\/gracias' \/><input type='hidden' name='bn' value='WPPlugin_SP'><input type='hidden' name='cancel_return' value='https:\/\/www.onalza.com\/index.php\/pedido-cancelado' \/><input style='border: none;' class='paypalbuttonimage' type='image' src='https:\/\/www.paypalobjects.com\/es_ES\/ES\/i\/btn\/btn_buynowCC_LG.gif' border='0' name='submit' alt='Make your payments with PayPal. It is free, secure, effective.' \/><img alt='' border='0' style='border:none;display:none;' src='https:\/\/www.paypal.com\/es_ES\/i\/scr\/pixel.gif' width='1' height='1' \/><input type='hidden' name='item_name' value='M\u00e9todo Schindler' \/><input type='hidden' name='amount' value='197' \/><\/form><\/div> \u00a0 <strong>197\u20ac<\/strong><\/p>\n<p>&nbsp;<\/p>\n<p><img loading=\"lazy\" decoding=\"async\" class=\"alignleft wp-image-297 size-thumbnail\" src=\"http:\/\/www.onalza.com\/wp-content\/uploads\/2018\/03\/daniel-camblo-2-150x150.jpg\" alt=\"\" width=\"150\" height=\"150\" srcset=\"https:\/\/www.onalza.com\/wp-content\/uploads\/2018\/03\/daniel-camblo-2-150x150.jpg 150w, https:\/\/www.onalza.com\/wp-content\/uploads\/2018\/03\/daniel-camblo-2-300x300.jpg 300w, https:\/\/www.onalza.com\/wp-content\/uploads\/2018\/03\/daniel-camblo-2-100x100.jpg 100w\" sizes=\"auto, (max-width: 150px) 100vw, 150px\" \/>Muchas gracias, fue una gran experiencia y lo mejor el resultado&#8230;ya son dos d\u00edas sin fumar<\/p>\n<p><strong>Daniel Cambl\u00f3. \u00a0 \u00a0 Administrador de Fincas<\/strong><\/p>\n<p>&nbsp;<\/p>\n<p>&nbsp;<\/p>\n<p>&nbsp;<\/p>\n<p><img loading=\"lazy\" decoding=\"async\" class=\"alignleft wp-image-299 size-thumbnail\" src=\"http:\/\/www.onalza.com\/wp-content\/uploads\/2018\/03\/teresa-moreno-150x150.jpg\" alt=\"\" width=\"150\" height=\"150\" srcset=\"https:\/\/www.onalza.com\/wp-content\/uploads\/2018\/03\/teresa-moreno-150x150.jpg 150w, https:\/\/www.onalza.com\/wp-content\/uploads\/2018\/03\/teresa-moreno-300x300.jpg 300w, https:\/\/www.onalza.com\/wp-content\/uploads\/2018\/03\/teresa-moreno-100x100.jpg 100w\" sizes=\"auto, (max-width: 150px) 100vw, 150px\" \/>Para mi ha sido un punto de inflexi\u00f3n, ten\u00eda claro que quer\u00eda dejar de fumar y a partir de ahora lo voy a llevar a cabo, voy a poner todo mi empe\u00f1o en ello. Muchas gracias por la oportunidad que me hab\u00e9is dado y por hacerme ver las cosas con mucha m\u00e1s claridad.<\/p>\n<p><strong>Teresa Moreno. \u00a0 \u00a0\u00a0 Asesora de Seguros<\/strong><\/p>\n<p>&nbsp;<\/p>\n<p>&nbsp;<\/p>\n<p><img loading=\"lazy\" decoding=\"async\" class=\"alignleft wp-image-301 size-thumbnail\" src=\"http:\/\/www.onalza.com\/wp-content\/uploads\/2018\/03\/juan-urbaneja-132x150.png\" alt=\"\" width=\"132\" height=\"150\" \/>Me ha parecido muy interesante y voy a tomar la decisi\u00f3n de dejar de fumar. Muchas gracias<\/p>\n<p><strong>Juan Urbaneja. \u00a0 \u00a0 Abogado<\/strong><\/p>\n<p>&nbsp;<\/p>\n<p>&nbsp;<\/p>\n<p><del><strong>280<\/strong><\/del><div class='wpecpp-container wpecpp-align-left'><form class='wpecpp-form' target='_blank' id=r97970c8e4d9f56b23e3e1d5f353acdcc action='https:\/\/www.paypal.com\/cgi-bin\/webscr' method='post'><input type='hidden' name='cmd' value='_xclick' \/><input type='hidden' name='business' value='luis.mendoza@onalza.com' \/><input type='hidden' name='currency_code' value='EUR' \/><input type='hidden' name='lc' value='es_ES'><input type='hidden' name='no_note' value=''><input type='hidden' name='paymentaction' value='sale'><input type='hidden' name='return' value='https:\/\/www.onalza.com\/index.php\/gracias' \/><input type='hidden' name='bn' value='WPPlugin_SP'><input type='hidden' name='cancel_return' value='https:\/\/www.onalza.com\/index.php\/pedido-cancelado' \/><input style='border: none;' class='paypalbuttonimage' type='image' src='https:\/\/www.paypalobjects.com\/es_ES\/ES\/i\/btn\/btn_buynowCC_LG.gif' border='0' name='submit' alt='Make your payments with PayPal. It is free, secure, effective.' \/><img alt='' border='0' style='border:none;display:none;' src='https:\/\/www.paypal.com\/es_ES\/i\/scr\/pixel.gif' width='1' height='1' \/><input type='hidden' name='item_name' value='M\u00e9todo Schindler' \/><input type='hidden' name='amount' value='197' \/><\/form><\/div><strong>197\u20ac<\/strong><\/p>\n<p>&nbsp;<\/p>\n<p><img loading=\"lazy\" decoding=\"async\" class=\"alignleft wp-image-302 size-thumbnail\" src=\"http:\/\/www.onalza.com\/wp-content\/uploads\/2018\/03\/miguel-angel-millan-150x150.jpg\" alt=\"\" width=\"150\" height=\"150\" srcset=\"https:\/\/www.onalza.com\/wp-content\/uploads\/2018\/03\/miguel-angel-millan-150x150.jpg 150w, https:\/\/www.onalza.com\/wp-content\/uploads\/2018\/03\/miguel-angel-millan-300x300.jpg 300w, https:\/\/www.onalza.com\/wp-content\/uploads\/2018\/03\/miguel-angel-millan-100x100.jpg 100w, https:\/\/www.onalza.com\/wp-content\/uploads\/2018\/03\/miguel-angel-millan.jpg 449w\" sizes=\"auto, (max-width: 150px) 100vw, 150px\" \/>Hoy es 10 de Marzo y hoy es el d\u00eda que dejo de fumar, llevo muchos a\u00f1os\u00a0 detr\u00e1s de este momento y creo que me hab\u00e9is dado el enfoque necesario para cambiar el chip y dar este gran paso.<\/p>\n<p><strong>Miguel \u00c1ngel Mill\u00e1n. \u00a0 \u00a0 Comercial\u00a0<\/strong><\/p>\n<p>&nbsp;<\/p>\n<p>&nbsp;<\/p>\n<p><img loading=\"lazy\" decoding=\"async\" class=\"alignleft wp-image-303 size-thumbnail\" src=\"http:\/\/www.onalza.com\/wp-content\/uploads\/2018\/03\/eduardo-fdez-150x150.jpg\" alt=\"\" width=\"150\" height=\"150\" srcset=\"https:\/\/www.onalza.com\/wp-content\/uploads\/2018\/03\/eduardo-fdez-150x150.jpg 150w, https:\/\/www.onalza.com\/wp-content\/uploads\/2018\/03\/eduardo-fdez-300x300.jpg 300w, https:\/\/www.onalza.com\/wp-content\/uploads\/2018\/03\/eduardo-fdez-100x100.jpg 100w\" sizes=\"auto, (max-width: 150px) 100vw, 150px\" \/>Ante todo gracias a Luis por la oportunidad, la ma\u00f1ana ha sido dura, intensa pero el objetivo para el que hemos venido se ha cumplido.<\/p>\n<p><strong>Eduardo Fern\u00e1ndez. \u00a0 \u00a0\u00a0 Abogado<\/strong><\/p>\n<p>&nbsp;<\/p>\n<p>&nbsp;<\/p>\n<p>&nbsp;<\/p>\n<p><img loading=\"lazy\" decoding=\"async\" class=\"alignleft wp-image-305 size-thumbnail\" src=\"http:\/\/www.onalza.com\/wp-content\/uploads\/2018\/03\/francis-150x150.jpg\" alt=\"\" width=\"150\" height=\"150\" srcset=\"https:\/\/www.onalza.com\/wp-content\/uploads\/2018\/03\/francis-150x150.jpg 150w, https:\/\/www.onalza.com\/wp-content\/uploads\/2018\/03\/francis-300x300.jpg 300w, https:\/\/www.onalza.com\/wp-content\/uploads\/2018\/03\/francis-100x100.jpg 100w\" sizes=\"auto, (max-width: 150px) 100vw, 150px\" \/>Muchas gracias, ha sido muy ameno, muy informativo y estoy dispuesto a dejarlo a partir de hoy. Muchas gracias.<\/p>\n<p><strong>Juan Francisco Torres. \u00a0 \u00a0 Funcionario<\/strong><\/p>\n<p>&nbsp;<\/p>\n<p>&nbsp;<\/p>\n<p><del><strong>280<\/strong><\/del><div class='wpecpp-container wpecpp-align-left'><form class='wpecpp-form' target='_blank' id=r1d6b67dd3ef37a51fb9cd9a05b043412 action='https:\/\/www.paypal.com\/cgi-bin\/webscr' method='post'><input type='hidden' name='cmd' value='_xclick' \/><input type='hidden' name='business' value='luis.mendoza@onalza.com' \/><input type='hidden' name='currency_code' value='EUR' \/><input type='hidden' name='lc' value='es_ES'><input type='hidden' name='no_note' value=''><input type='hidden' name='paymentaction' value='sale'><input type='hidden' name='return' value='https:\/\/www.onalza.com\/index.php\/gracias' \/><input type='hidden' name='bn' value='WPPlugin_SP'><input type='hidden' name='cancel_return' value='https:\/\/www.onalza.com\/index.php\/pedido-cancelado' \/><input style='border: none;' class='paypalbuttonimage' type='image' src='https:\/\/www.paypalobjects.com\/es_ES\/ES\/i\/btn\/btn_buynowCC_LG.gif' border='0' name='submit' alt='Make your payments with PayPal. It is free, secure, effective.' \/><img alt='' border='0' style='border:none;display:none;' src='https:\/\/www.paypal.com\/es_ES\/i\/scr\/pixel.gif' width='1' height='1' \/><input type='hidden' name='item_name' value='M\u00e9todo Schindler' \/><input type='hidden' name='amount' value='197' \/><\/form><\/div><strong>197<\/strong><\/p>\n","protected":false},"excerpt":{"rendered":"<p>Luis eres un privilegiado por tener un trabajo que te gusta y reconforta tanto. Tienes el \u00e9xito asegurado. Gracias por lo mucho que nos has ayudado a Francis, a mi y a todos los que estuvimos en el Programa de [&hellip;]<\/p>\n","protected":false},"author":2,"featured_media":0,"parent":0,"menu_order":0,"comment_status":"closed","ping_status":"closed","template":"","meta":{"footnotes":""},"class_list":["post-265","page","type-page","status-publish","hentry"],"_links":{"self":[{"href":"https:\/\/www.onalza.com\/index.php\/wp-json\/wp\/v2\/pages\/265","targetHints":{"allow":["GET"]}}],"collection":[{"href":"https:\/\/www.onalza.com\/index.php\/wp-json\/wp\/v2\/pages"}],"about":[{"href":"https:\/\/www.onalza.com\/index.php\/wp-json\/wp\/v2\/types\/page"}],"author":[{"embeddable":true,"href":"https:\/\/www.onalza.com\/index.php\/wp-json\/wp\/v2\/users\/2"}],"replies":[{"embeddable":true,"href":"https:\/\/www.onalza.com\/index.php\/wp-json\/wp\/v2\/comments?post=265"}],"version-history":[{"count":33,"href":"https:\/\/www.onalza.com\/index.php\/wp-json\/wp\/v2\/pages\/265\/revisions"}],"predecessor-version":[{"id":611,"href":"https:\/\/www.onalza.com\/index.php\/wp-json\/wp\/v2\/pages\/265\/revisions\/611"}],"wp:attachment":[{"href":"https:\/\/www.onalza.com\/index.php\/wp-json\/wp\/v2\/media?parent=265"}],"curies":[{"name":"wp","href":"https:\/\/api.w.org\/{rel}","templated":true}]}}