{"id":551,"date":"2018-04-17T17:33:43","date_gmt":"2018-04-17T17:33:43","guid":{"rendered":"http:\/\/www.onalza.com\/?page_id=551"},"modified":"2019-12-09T06:41:55","modified_gmt":"2019-12-09T05:41:55","slug":"test-de-personalidad","status":"publish","type":"page","link":"https:\/\/www.onalza.com\/index.php\/test-de-personalidad\/","title":{"rendered":"Test de Personalidad"},"content":{"rendered":"<p><img loading=\"lazy\" decoding=\"async\" class=\"alignleft wp-image-756 size-thumbnail\" src=\"https:\/\/www.onalza.com\/wp-content\/uploads\/2018\/12\/personalidad-150x150.jpg\" alt=\"\" width=\"150\" height=\"150\" srcset=\"https:\/\/www.onalza.com\/wp-content\/uploads\/2018\/12\/personalidad-150x150.jpg 150w, https:\/\/www.onalza.com\/wp-content\/uploads\/2018\/12\/personalidad-100x100.jpg 100w\" sizes=\"auto, (max-width: 150px) 100vw, 150px\" \/>El Informe de la personalidad es un <strong>manual de instrucciones<\/strong> de la condici\u00f3n humana mediante el que podemos comprender las motivaciones profundas que hay detr\u00e1s de nuestras conductas y actitudes.<br \/>\nDescribe, a grandes rasgos, nueve tipos de personalidad, cada uno de los cuales cuenta con su propio \u00abmodelo mental\u00bb. Y este vendr\u00eda a ser como una lente a partir de la que filtramos la realidad objetiva de forma subjetiva. Este esqueleto psicol\u00f3gico tambi\u00e9n determina qu\u00e9 nos mueve a ser c\u00f3mo somos y a hacer lo que hacemos; cu\u00e1les son nuestros principales rasgos de car\u00e1cter, incluyendo nuestros defectos y cualidades; qu\u00e9 deseamos y de qu\u00e9 tenemos miedo; e incluso cu\u00e1l es la piedra emocional con la que tropezamos una y otra vez a lo largo de nuestra vida.<br \/>\nEs el <strong>mapa<\/strong> que nos va a indicar por que caminos podremos llegar a las <strong>metas<\/strong> que queremos alcanzar.<\/p>\n<p><strong>TIPO 1<\/strong>: Son personas que transforman su ira en normas, leyes, estudios, pues no la consideran una cualidad perfecta. Buscan la perfecci\u00f3n y hablan en t\u00e9rminos de lo que esta bien y lo que esta mal sin claroscuros, ellos lo tienen claro. En su estado m\u00e1s sano\/consciente\/maduro, son tolerantes y muy \u00e9ticos.<\/p>\n<p><strong>TIPO 2<\/strong>: Son personas que seducen para sentir que el otro los necesita. Dan fingiendo no esperar pero precisan agradecimiento, poca tolerancia al rechazo. Necesitan ser vistos. En su estado m\u00e1s sano pueden ser realmente altruistas y desapegados.<\/p>\n<p><strong>TIPO 3<\/strong>: Yo soy lo que hago es su slogan de vida. Se desarrollan en funci\u00f3n de gustar al resto de personas. La vanidad se traduce en la importancia de la imagen que proyectan a los dem\u00e1s y la importancia de su autoimagen de gustarse a si mismos. El gustar les aleja de si mismos\/as. Est\u00e1n muy identificados con su trabajo, y suelen conseguir lo que se proponen, brillando en ello desde la eficacia. En su estado m\u00e1s sano, son sinceros y muy productivos.<\/p>\n<p><strong>TIPO 4<\/strong>: Su compulsi\u00f3n m\u00e1s profunda es la envidia. Est\u00e1n pendientes de los dem\u00e1s, y creen que nunca tendr\u00e1n aquello de lo que carecen. Conectados a los que le falta, a su carencia. La carencia eclipsa su val\u00eda. En su estado m\u00e1s sano, son emp\u00e1ticos y muy creativos.<\/p>\n<p><strong>TIPO 5<\/strong>: Necesitar poco es uno de sus lemas, amantes del conocimiento, intuitivos y sabios. Los observadores de la vida por antonomasia. Se caracterizan por la avaricia, porque no saldr\u00e1n de su escondite hasta estar bien seguros de que tendr\u00e1n suficiente energ\u00eda, dan poco por miedo a ser pedidos despu\u00e9s. Buscan la autosuficiencia. En su estado m\u00e1s sano, son desapegados y generosos.<\/p>\n<p><strong>TIPO 6<\/strong>: Su fijaci\u00f3n es el miedo. Suelen imaginar siempre los peores escenarios. Buscan la autoridad y el poder al mismo tiempo que huyen de ello. Fingidores de autoconfianza, ocultan un profundo miedo por lo que les pueda pasar. En su estado m\u00e1s sano, son valientes, leales y muy buenos compa\u00f1eros<\/p>\n<p><strong>TIPO 7<\/strong>: Huyen del presente, planificando m\u00faltiples futuros, y lo hacen constantemente. La gula de experiencias en la vida, insaciables. Como no se quieren perder nada, profundizan poco. M\u00e1scara de alegr\u00eda, evitan el dolor en todas sus formas, f\u00f3bicos al dolor o lo desagradable. En su estado m\u00e1s sano pueden estar muy presentes y se comprometen, son muy animadores, capaces de disfrutar del presente como nadie.<\/p>\n<p><strong>TIPO 8<\/strong>: Imparten justicia a su modo. Dividen el mundo entre fuertes y d\u00e9biles. Su fijaci\u00f3n es la lujuria o el exceso; tienen mucha autoconfianza, van por la vida necesitando ser fuertes y prevalecer sobre las circunstancias. Fuerte personalidad, y defensores de \u00ablos suyos\u00bb (El l\u00edder, el padrino). En su estado m\u00e1s sano, son protectores, ayudando al otro de forma magn\u00e1nima y aport\u00e1ndole fuerza. Accionan con o sin miedo<\/p>\n<p><strong>TIPO 9<\/strong>:\u00a0 Les frena la pereza. Sobre adaptativos a los dem\u00e1s, su adaptaci\u00f3n para evitar el conflicto los aleja de sus deseos, gustos y necesidades. Se funden con el entorno y les cuesta mucho expresar sus necesidades. Entienden todas las opciones y es muy dif\u00edcil discutir con ellos, pues evitan como pueden el conflicto. En su estado m\u00e1s sano, son muy buenos mediadores y se auto adaptan, calmando los extremismos.<\/p>\n<h2><strong>\u00bfY t\u00fa cual eres? \u00bfQu\u00e9 vives sin Manual de instrucciones? <\/strong><\/h2>\n<h2><strong>Con\u00f3cete y da un salto a la EXCELENCIA<\/strong><\/h2>\n<p>Cambia tu vida por solo 19 \u20ac<\/p>\n<div class='wpecpp-container wpecpp-align-left'><form class='wpecpp-form' target='_blank' id=r32a127b81e5c4ecd2384b31e262ebed9 action='https:\/\/www.paypal.com\/cgi-bin\/webscr' method='post'><input type='hidden' name='cmd' value='_xclick' \/><input type='hidden' name='business' value='luis.mendoza@onalza.com' \/><input type='hidden' name='currency_code' value='EUR' \/><input type='hidden' name='lc' value='es_ES'><input type='hidden' name='no_note' value=''><input type='hidden' name='paymentaction' value='sale'><input type='hidden' name='return' value='https:\/\/www.onalza.com\/index.php\/gracias' \/><input type='hidden' name='bn' value='WPPlugin_SP'><input type='hidden' name='cancel_return' value='https:\/\/www.onalza.com\/index.php\/pedido-cancelado' \/><input style='border: none;' class='paypalbuttonimage' type='image' src='https:\/\/www.paypalobjects.com\/es_ES\/ES\/i\/btn\/btn_buynowCC_LG.gif' border='0' name='submit' alt='Make your payments with PayPal. It is free, secure, effective.' \/><img alt='' border='0' style='border:none;display:none;' src='https:\/\/www.paypal.com\/es_ES\/i\/scr\/pixel.gif' width='1' height='1' \/><input type='hidden' name='item_name' value='Test de personalidad' \/><input type='hidden' name='amount' value='19' \/><\/form><\/div>\n","protected":false},"excerpt":{"rendered":"<p>El Informe de la personalidad es un manual de instrucciones de la condici\u00f3n humana mediante el que podemos comprender las motivaciones profundas que hay detr\u00e1s de nuestras conductas y actitudes. Describe, a grandes rasgos, nueve tipos de personalidad, cada uno [&hellip;]<\/p>\n","protected":false},"author":2,"featured_media":0,"parent":0,"menu_order":0,"comment_status":"closed","ping_status":"closed","template":"","meta":{"footnotes":""},"class_list":["post-551","page","type-page","status-publish","hentry"],"_links":{"self":[{"href":"https:\/\/www.onalza.com\/index.php\/wp-json\/wp\/v2\/pages\/551","targetHints":{"allow":["GET"]}}],"collection":[{"href":"https:\/\/www.onalza.com\/index.php\/wp-json\/wp\/v2\/pages"}],"about":[{"href":"https:\/\/www.onalza.com\/index.php\/wp-json\/wp\/v2\/types\/page"}],"author":[{"embeddable":true,"href":"https:\/\/www.onalza.com\/index.php\/wp-json\/wp\/v2\/users\/2"}],"replies":[{"embeddable":true,"href":"https:\/\/www.onalza.com\/index.php\/wp-json\/wp\/v2\/comments?post=551"}],"version-history":[{"count":7,"href":"https:\/\/www.onalza.com\/index.php\/wp-json\/wp\/v2\/pages\/551\/revisions"}],"predecessor-version":[{"id":4139,"href":"https:\/\/www.onalza.com\/index.php\/wp-json\/wp\/v2\/pages\/551\/revisions\/4139"}],"wp:attachment":[{"href":"https:\/\/www.onalza.com\/index.php\/wp-json\/wp\/v2\/media?parent=551"}],"curies":[{"name":"wp","href":"https:\/\/api.w.org\/{rel}","templated":true}]}}