{"id":658,"date":"2018-11-23T15:16:04","date_gmt":"2018-11-23T15:16:04","guid":{"rendered":"http:\/\/www.onalza.com\/?page_id=658"},"modified":"2018-12-03T11:26:06","modified_gmt":"2018-12-03T10:26:06","slug":"amor-ahora-singles","status":"publish","type":"page","link":"https:\/\/www.onalza.com\/index.php\/amor-ahora-singles\/","title":{"rendered":"Amor Ahora Singles"},"content":{"rendered":"<p><strong>AMOR AHORA single<\/strong><\/p>\n<p><span style=\"color: #ff0000;\"> Actualmente:<\/span><\/p>\n<ul>\n<li>Te sientes sola cuando llegas a casa y nadie te est\u00e1 esperando<\/li>\n<li>Hace mucho tiempo que est\u00e1s sin pareja y no sabes por donde empezar<\/li>\n<li>No encuentras a tu pareja ideal, hay mucha mediocridad<\/li>\n<li>Te da miedo volverlo a intentar, pues siempre ha salido mal<\/li>\n<li>Tu trabajo te impide tener tiempo para buscar el amor<\/li>\n<li>No te gustan las webs para buscar parejas<\/li>\n<\/ul>\n<p><strong><span style=\"color: #ff0000;\"><img loading=\"lazy\" decoding=\"async\" class=\"size-thumbnail wp-image-666 alignleft\" src=\"http:\/\/www.onalza.com\/wp-content\/uploads\/2018\/10\/solerta-triste-150x150.png\" alt=\"\" width=\"150\" height=\"150\" srcset=\"https:\/\/www.onalza.com\/wp-content\/uploads\/2018\/10\/solerta-triste-150x150.png 150w, https:\/\/www.onalza.com\/wp-content\/uploads\/2018\/10\/solerta-triste-100x100.png 100w\" sizes=\"auto, (max-width: 150px) 100vw, 150px\" \/>\u00bfSabes porque te cuesta tanto encontrar tu pareja?<\/span><\/strong><\/p>\n<ul>\n<li>Tus creencias sobre el amor se basan en experiencias pasadas en las que sufriste<\/li>\n<li>Tu subconsciente va buscando el mismo perfil de pareja que te hizo sufrir, por eso dices \u00abTodos los que busco son iguales, siempre me tocan a mi\u00bb<\/li>\n<li>Tienes la firme convicci\u00f3n que el amor volver\u00e1 a hacerte sufrir<\/li>\n<li>Crees que es imposible encontrar la pareja que te de estabilidad en el amor<\/li>\n<li>El entorno (familia y amigos) lo hacen aun mas dif\u00edcil<\/li>\n<li>La acci\u00f3n de buscar pareja te sobrepasa, es peor que ir a un trabajo que no te gusta<\/li>\n<\/ul>\n<p><strong><span style=\"color: #339966;\"><img loading=\"lazy\" decoding=\"async\" class=\"size-thumbnail wp-image-660 alignleft\" src=\"http:\/\/www.onalza.com\/wp-content\/uploads\/2018\/10\/pareja-feliz-150x150.jpg\" alt=\"\" width=\"150\" height=\"150\" srcset=\"https:\/\/www.onalza.com\/wp-content\/uploads\/2018\/10\/pareja-feliz-150x150.jpg 150w, https:\/\/www.onalza.com\/wp-content\/uploads\/2018\/10\/pareja-feliz-100x100.jpg 100w\" sizes=\"auto, (max-width: 150px) 100vw, 150px\" \/>Y lo que t\u00fa quieres es:<\/span><\/strong><\/p>\n<ul>\n<li>Una pareja con la que compartir tu d\u00eda a d\u00eda<\/li>\n<li>Alguien que te valore y te comprenda<\/li>\n<li>Una pareja de la que puedas aprender y que te haga crecer<\/li>\n<li>Una relaci\u00f3n donde el amor es lo primero<\/li>\n<li>Hacerte mayor junto al amor de tu vida<\/li>\n<\/ul>\n<p>A trav\u00e9s de sesiones de Coaching estrat\u00e9gico aprender\u00e1s a tener el estado mental y emocional para buscar y encontrar la pareja que est\u00e1s buscando con el 100% de garant\u00edas de \u00e9xito. A modificar tus creencias negativas sobre el amor, por creencias positivas que te llevar\u00e1n a vivir las experiencias amorosas que jam\u00e1s te habr\u00edas imaginado.<\/p>\n<p>Vamos a crear un plan para conozcas a personas que encajen con el perfil de pareja que quieres<\/p>\n<p>Vamos a hacer un seguimiento en la busqueda de tu pareja para garantizarte que es la pareja que realmente quieres para ti.<\/p>\n<p>Vamos a entrenarte para que no cometas los mismos errores que anteriormente cometiste con tus anteriores parejas<\/p>\n<p>Vas a vivir un presente y un futuro en un estado de enamoramiento total, al que, hasta ahora, ya te hab\u00edas resignado a no vivir jam\u00e1s.<\/p>\n<h3>\u00bfCu\u00e1nto tiempo m\u00e1s vas a esperar para conseguir la vida que quieres?<\/h3>\n<h3>Pasa a la acci\u00f3n y da el primer paso.<\/h3>\n<p>&nbsp;<\/p>\n<p>Ll\u00e1manos al 952 614 626 o al 649 380 167 y pide tu primera cita gratuita. Tambi\u00e9n puedes enviare un email a <a href=\"mailto:luis.mendoza@onalza.com\">luis.mendoza@onalza.com<\/a><\/p>\n<p>&nbsp;<\/p>\n<p>&nbsp;<\/p>\n","protected":false},"excerpt":{"rendered":"<p>AMOR AHORA single Actualmente: Te sientes sola cuando llegas a casa y nadie te est\u00e1 esperando Hace mucho tiempo que est\u00e1s sin pareja y no sabes por donde empezar No encuentras a tu pareja ideal, hay mucha mediocridad Te da [&hellip;]<\/p>\n","protected":false},"author":2,"featured_media":0,"parent":0,"menu_order":0,"comment_status":"closed","ping_status":"closed","template":"","meta":{"footnotes":""},"class_list":["post-658","page","type-page","status-publish","hentry"],"_links":{"self":[{"href":"https:\/\/www.onalza.com\/index.php\/wp-json\/wp\/v2\/pages\/658","targetHints":{"allow":["GET"]}}],"collection":[{"href":"https:\/\/www.onalza.com\/index.php\/wp-json\/wp\/v2\/pages"}],"about":[{"href":"https:\/\/www.onalza.com\/index.php\/wp-json\/wp\/v2\/types\/page"}],"author":[{"embeddable":true,"href":"https:\/\/www.onalza.com\/index.php\/wp-json\/wp\/v2\/users\/2"}],"replies":[{"embeddable":true,"href":"https:\/\/www.onalza.com\/index.php\/wp-json\/wp\/v2\/comments?post=658"}],"version-history":[{"count":20,"href":"https:\/\/www.onalza.com\/index.php\/wp-json\/wp\/v2\/pages\/658\/revisions"}],"predecessor-version":[{"id":790,"href":"https:\/\/www.onalza.com\/index.php\/wp-json\/wp\/v2\/pages\/658\/revisions\/790"}],"wp:attachment":[{"href":"https:\/\/www.onalza.com\/index.php\/wp-json\/wp\/v2\/media?parent=658"}],"curies":[{"name":"wp","href":"https:\/\/api.w.org\/{rel}","templated":true}]}}