{"id":80,"date":"2018-02-27T09:50:03","date_gmt":"2018-02-27T09:50:03","guid":{"rendered":"http:\/\/www.onalza.com\/?page_id=80"},"modified":"2018-04-05T15:20:48","modified_gmt":"2018-04-05T15:20:48","slug":"luis-mendoza-coach","status":"publish","type":"page","link":"https:\/\/www.onalza.com\/index.php\/luis-mendoza-coach\/","title":{"rendered":"Luis Mendoza. Coach"},"content":{"rendered":"<p><img loading=\"lazy\" decoding=\"async\" class=\"size-medium wp-image-60 alignleft\" src=\"http:\/\/www.onalza.com\/wp-content\/uploads\/2018\/02\/DSC_0028-e1520525858179-201x300.jpg\" alt=\"\" width=\"201\" height=\"300\" srcset=\"https:\/\/www.onalza.com\/wp-content\/uploads\/2018\/02\/DSC_0028-e1520525858179-201x300.jpg 201w, https:\/\/www.onalza.com\/wp-content\/uploads\/2018\/02\/DSC_0028-e1520525858179-600x896.jpg 600w, https:\/\/www.onalza.com\/wp-content\/uploads\/2018\/02\/DSC_0028-e1520525858179-768x1147.jpg 768w, https:\/\/www.onalza.com\/wp-content\/uploads\/2018\/02\/DSC_0028-e1520525858179-685x1024.jpg 685w\" sizes=\"auto, (max-width: 201px) 100vw, 201px\" \/><\/p>\n<p>Un d\u00eda di un giro a mi vida de 180\u00ba, un cambio radical en mi estilo de vida, y cre\u00e9 un proyecto con alma que cambia vidas cada d\u00eda.<\/p>\n<p>Despu\u00e9s de trabajar 10 a\u00f1os en una multinacional lo dej\u00e9 y cambi\u00e9 porque aquel no era mi estilo de vida ideal, y ya no encajaba con mis nuevos valores. Lo dej\u00e9 todo y empec\u00e9 desde cero en una nueva profesi\u00f3n: Coach y conferenciante. <strong>Un cambio que le ha dado pleno sentido a mi vida.<\/strong><\/p>\n<p>Eleg\u00ed el sue\u00f1o de ayudar a las personas a ser felices. Y lo he cumplido. En el camino, descubr\u00ed que la soluci\u00f3n a todos los problemas est\u00e1 en el coraz\u00f3n. Mi sue\u00f1o me transform\u00f3. Y hoy a\u00fan me sorprende lo mucho que he conseguido; porque hace 15 a\u00f1os yo estaba en una multinacional llevando una vida muy aburrida.<\/p>\n<p>Con una <strong>experiencia de m\u00e1s de 20 a\u00f1os<\/strong> en Consultor\u00eda y Coaching, Luis es <strong>M\u00e1ster en Coaching Estrat\u00e9gico por A.C.E<\/strong>,<\/p>\n<p>Master en Recursos Humanos y\u00a0 Selecci\u00f3n de personal por ByA<strong>. Diplomado en Meditaci\u00f3n Raja Yoga por Bruma Kumaris <\/strong>y en Meditaci\u00f3n trascendental por M\u00e9todo Silva<strong>.<\/strong> Estudioso de Psicolog\u00eda Cognitiva, Neurociencia y F\u00edsica Cu\u00e1ntica, ha sido directivo en varias multinacionales del sector asegurador y colabora con distintas escuelas de Negocio a nivel nacional.<\/p>\n<p><strong>Autor<\/strong> de \u201cSer feliz es f\u00e1cil si sabes c\u00f3mo\u201d, \u201cComo alcanzar la cima de la Felicidad\u201d, \u201cVivir en Valent\u00eda\u201d,\u201d \u00bfY si eres t\u00fa quien crea tu propia Felicidad?\u201d.<\/p>\n<p>Soy el <strong>creador<\/strong> del M\u00e9todo SCHINDLER para dejar de fumar. Y soy Voluntario en las ONGs Fundaci\u00f3n Harena y CUDECA como Voluntario Asistencial en domicilio.<\/p>\n<p>Mis mentores a trav\u00e9s de m\u00e1s de 500 libros y m\u00e1s de 100 conferencias y seminarios en los que me he formado, han sido: Robin Sharma, Wayne Dyer, Stephen Covey, Tony Robbins, Robert Kyyosaky, Jack Canfield, Deepak Chopra, Joe Dispenza, entre otros.<\/p>\n<p><img loading=\"lazy\" decoding=\"async\" class=\"alignleft wp-image-374 size-thumbnail\" src=\"http:\/\/www.onalza.com\/wp-content\/uploads\/2018\/03\/logo-150x150.png\" alt=\"\" width=\"150\" height=\"150\" srcset=\"https:\/\/www.onalza.com\/wp-content\/uploads\/2018\/03\/logo-150x150.png 150w, https:\/\/www.onalza.com\/wp-content\/uploads\/2018\/03\/logo-300x300.png 300w, https:\/\/www.onalza.com\/wp-content\/uploads\/2018\/03\/logo-100x100.png 100w, https:\/\/www.onalza.com\/wp-content\/uploads\/2018\/03\/logo.png 500w\" sizes=\"auto, (max-width: 150px) 100vw, 150px\" \/><\/p>\n<h3>No importan las desilusiones y los fracasos del pasado, es mucho m\u00e1s importante el lugar a donde vas, que el lugar de donde vienes. Por muchos <strong>\u00abNO\u00bb<\/strong> de tu pasado, <strong>\u00a1HAY UN GRAN \u00abS\u00cd\u00bb EN TU FUTURO!<\/strong><\/h3>\n<p><span style=\"color: #0000ff;\">Puedes contactar conmigo al 649 380 167 o <a href=\"mailto:luis.mendoza@onalza.com\">luis.mendoza@onalza.com<\/a><\/span><\/p>\n","protected":false},"excerpt":{"rendered":"<p>Un d\u00eda di un giro a mi vida de 180\u00ba, un cambio radical en mi estilo de vida, y cre\u00e9 un proyecto con alma que cambia vidas cada d\u00eda. Despu\u00e9s de trabajar 10 a\u00f1os en una multinacional lo dej\u00e9 y [&hellip;]<\/p>\n","protected":false},"author":2,"featured_media":0,"parent":0,"menu_order":0,"comment_status":"closed","ping_status":"closed","template":"","meta":{"footnotes":""},"class_list":["post-80","page","type-page","status-publish","hentry"],"_links":{"self":[{"href":"https:\/\/www.onalza.com\/index.php\/wp-json\/wp\/v2\/pages\/80","targetHints":{"allow":["GET"]}}],"collection":[{"href":"https:\/\/www.onalza.com\/index.php\/wp-json\/wp\/v2\/pages"}],"about":[{"href":"https:\/\/www.onalza.com\/index.php\/wp-json\/wp\/v2\/types\/page"}],"author":[{"embeddable":true,"href":"https:\/\/www.onalza.com\/index.php\/wp-json\/wp\/v2\/users\/2"}],"replies":[{"embeddable":true,"href":"https:\/\/www.onalza.com\/index.php\/wp-json\/wp\/v2\/comments?post=80"}],"version-history":[{"count":25,"href":"https:\/\/www.onalza.com\/index.php\/wp-json\/wp\/v2\/pages\/80\/revisions"}],"predecessor-version":[{"id":4134,"href":"https:\/\/www.onalza.com\/index.php\/wp-json\/wp\/v2\/pages\/80\/revisions\/4134"}],"wp:attachment":[{"href":"https:\/\/www.onalza.com\/index.php\/wp-json\/wp\/v2\/media?parent=80"}],"curies":[{"name":"wp","href":"https:\/\/api.w.org\/{rel}","templated":true}]}}